28/72. Let m(y) = -i*y + 0*y - 1 + 4*y. What is m(-2)?
-5
Suppose x + 13 = 5*q, x - 4 = -x. Let m(a) = -a**2 + a - 2. Determine m(q).
-8
Let b(o) = o**2 - 10*o + 5. Let q(j) = j - 1. Let r(s) = -b(s) - 5*q(s). Let m = 6 - 3. What is r(m)?
6
Let d(f) = 10*f + 3*f**2 - 4*f + f. Let z(r) = -10*r**2 - 22*r - 1. Let o(j) = -7*d(j) - 2*z(j). Calculate o(-5).
2
Let g(q) = -9*q**3 + q - 1. Let y(n) = -n**3 - 7*n**2 - 2*n - 13. Let f be y(-7). Calculate g(f).
-9
Let z be (-1)/(((-2)/18)/((-3)/(-9))). Let r(b) be the second derivative of b**2 - 1/12*b**4 + 0 + 0*b**z - b. Determine r(-2).
-2
Suppose y + 2 - 8 = 2*z, 3*y = -5*z - 26. Let s(d) = d**3 - d**2 + 2*d + 3. What is s(y)?
-13
Suppose 5*v - 4*r + 68 = -2*r, 0 = 4*v + 2*r + 40. Let h be (-2)/v + (-52)/24. Let z = h - 2. Let n(d) = 3*d + 6. What is n(z)?
-6
Let b = -5 + 1. Let x(c) be the third derivative of 1/3*c**3 + 0 + c**2 + 0*c + 1/12*c**4. Calculate x(b).
-6
Let i(s) = s**3 - 6*s**2 + 5*s. Let l be (0 - 2)*(1 + 5). Let q be l/(-7) + (-4)/(-14). Suppose 0*u - 10 = -q*u. Calculate i(u).
0
Let f(j) = j**2 - 5*j + 5. Let n(g) = -g + 1. Let a(o) = f(o) - 6*n(o). Give a(1).
1
Suppose -3*j = -5*a + 27, 0 = -4*a + 2*a + 2*j + 10. Suppose h + 18 = 5*s - 4, -s + a = -h. Suppose s*u - 3 = 9. Let d(t) = -t + 2. Give d(u).
-1
Let p be 1*(0/2 - 0). Let w(m) be the second derivative of m**5/20 + m**4/12 + m**3/6 - 9*m**2/2 - 2*m - 33. Calculate w(p).
-9
Let t(v) be the second derivative of -5*v**4/12 + v**3 - v**2 - 8*v. Let z(u) be the second derivative of -u**4/12 - u. Let g(i) = t(i) - 6*z(i). Give g(-4).
-10
Let m be (-7 + 2)*(-8)/10. Let x(d) = -13*d + 2. Let b(q) = -6*q + 1. Let j(n) = m*x(n) - 9*b(n). Calculate j(5).
9
Let f(g) be the first derivative of g**4/24 - g**2 + 3. Let p(j) be the second derivative of f(j). Let s = 0 - 1. Calculate p(s).
-1
Let r(d) be the second derivative of 1/6*d**3 - 2*d + 0 - 1/4*d**4 - 1/2*d**2 + 1/10*d**5. Suppose -5 = 5*s - 15. Determine r(s).
5
Suppose -2 = -3*z + 13, 2*s - 13 = -z. Let t(j) be the second derivative of 7/12*j**s + 0*j**3 - 1/2*j**2 + 0 + 3*j. Determine t(-1).
6
Let v(f) = -f**2 + 2*f - 1. Suppose -4*x + 16 = -2*k, 2*x - 5 - 3 = 5*k. Let i(s) = -x - 2*s - s + 4*s. Let h be i(7). Calculate v(h).
-4
Let z(a) be the third derivative of a**4/12 + a**3/3 + 8*a**2. Let j(y) = y**2 + 4*y - 2. Let b be j(-3). Give z(b).
-8
Let z(p) = 2*p**3 - 10*p**2 - 2*p + 6. Let y be z(5). Let h(g) = g**3 + 5*g**2 + 3*g + 1. Give h(y).
5
Let d(k) = k + 3. Suppose 0 = -2*c, -3 = -z + c - 2*c. Let v be z*(-3 - 1/(-3)). Let w be (v + 11)*1/(-1). Determine d(w).
0
Let w(r) = r**3 - 7*r**2 + 3*r - 2. Let d be (1 - -2)/(-5 + 6). Let f(y) = -y**3 + 8*y**2 - 4*y + 2. Let b(z) = d*w(z) + 2*f(z). Calculate b(5).
3
Let i(m) be the second derivative of m**4/12 + 4*m**3/3 + 7*m**2/2 + 2*m. Suppose -a - 2*a - 15 = 0. What is i(a)?
-8
Let f(l) = -l. Let u be f(-3). Suppose -3*b = -2*a + 11, a - u*b - 7 = -3*a. Let h(i) = i**3 + 2*i**2 - 3*i - 3. Give h(a).
3
Let m(s) = -8*s**3 + 8*s**2 + 11*s. Let y(j) = 3*j**3 - 3*j**2 - 4*j. Let u(t) = 4*m(t) + 11*y(t). What is u(-1)?
-2
Suppose 3*c - 2 = 13, 5*c = 3*b + 22. Let r(x) = x + 1. Let i be r(b). Let n(l) = 2*l**3 - 3*l**2 + 1. Determine n(i).
5
Let f = 6 - 4. Let i(p) = -2*p**2 - f - 5*p - 4*p**2 + 5*p**2. What is i(-6)?
-8
Let r(g) = g - 2. Let y(c) = -16 + 8 + c**2 + 5*c + 5*c. Let u be y(-11). Calculate r(u).
1
Let c(m) = -m**2 + 5*m + 1. Let u be c(5). Let a(d) be the first derivative of u - 6*d**2 + 5*d**2 + 0*d - d. What is a(-4)?
7
Suppose -4*a + 45 = a. Let v be (-4)/(-6) - (-21)/a. Suppose -5*p = 5*s + 15, -v*p + 9 + 2 = -s. Let y(f) = -f - 1. Calculate y(p).
-3
Let w = -1 - 4. Let s(r) be the third derivative of -r**5/60 - 5*r**4/24 + 2*r**3/3 - 33*r**2. Give s(w).
4
Let g(i) = -i**3 - 18 + 17 + 2*i**3. Give g(0).
-1
Let i(h) = -3 + 8 - 2 - 5 + h. Suppose 0 = 4*p - 10 + 30. Let t be 24/5 + (-1)/p. Give i(t).
3
Suppose 2*t - 7 = 1. Let c(p) be the third derivative of -p**6/360 + p**5/24 + p**4/8 - 3*p**2. Let s(n) be the second derivative of c(n). What is s(t)?
-3
Let g(n) = -9*n**2 - 5*n + 3. Let a(u) = -9*u**2 - 6*u + 4. Let f(i) = -4*a(i) + 5*g(i). Give f(-1).
-9
Let k(j) = 2*j + 4. Let d(y) = -y**2 + 8*y - 6. Let z be d(4). Suppose -x + 4*c - 5 = 2*c, 2*x + z = -3*c. Give k(x).
-6
Let q(j) = j**3 - 5*j**2 + 6*j - 4. Let p(m) = m**3 - 2*m**3 - 2*m**2 - m - m**3 + m**3. Let v be p(-2). Let i = v + 2. Give q(i).
4
Let p(x) be the third derivative of x**5/60 + x**4/12 - 5*x**3/6 - 7*x**2. What is p(4)?
19
Let a(q) = -2*q**3 + 7*q**2 - 15*q - 7. Let h(x) = x**3 + x**2 + x. Let o(s) = -a(s) - 3*h(s). Calculate o(-11).
-4
Let t(v) be the third derivative of -v**7/1260 - v**6/360 - v**5/120 + v**4/8 + 4*v**2. Let c(n) be the second derivative of t(n). Give c(-1).
-1
Let r(g) = g + 3. Let x(s) = -s - 1 + 3*s**2 + 3*s**2 - 5*s**2. Let h be x(2). Let y be -3 + h + -1 + 0. Determine r(y).
0
Let z(l) = l**2 + l - 1. Suppose 0 = -2*b + 4 - 0. Suppose 0 = 3*s + 15, -b*a - a - 5*s - 34 = 0. What is z(a)?
5
Let y be (-6)/(-8) + (-3)/(-12). Let w(d) = 0*d**2 + 1 - 9*d + 4*d**2 + 7*d. Give w(y).
3
Suppose 0*f + 3 = 3*f. Suppose -2*k + 6 = 3*w - w, 2 = 2*w. Let m(d) = -d + 0 + k*d + 1. What is m(f)?
2
Let p(s) = 3*s**3 + 2*s**2 - 2*s + 1. Suppose 0 = -3*q - 2*a + 13, 2*q - 2*a + 13 = a. Calculate p(q).
4
Let q(b) = -11*b**2 - b - 3. Suppose -2*t - 35 = -7*t. Let a(w) = 23*w**2 + 2*w + 7. Let m(j) = t*q(j) + 3*a(j). Calculate m(-1).
-7
Let b = 125 - 131. Let o(w) = w**3 + 5*w**2 - 6*w - 6. Calculate o(b).
-6
Let r = -1 - -6. Let l(s) = -s**2 - 4*s**2 - 5 - s + r*s + 4*s**2. Determine l(4).
-5
Let a = -34 - -35. Let x(w) = -4*w**3 + 2*w**2 - 2*w + 1. Calculate x(a).
-3
Suppose 0 = 5*p + 4*z - 30, p - 6 = -6*z + 4*z. Let m = 0 + p. Suppose 0 = -m*k + k - 5. Let f(b) = -b. Determine f(k).
1
Let b(r) = r**3 - 6*r**2 - r + 1. Suppose 6 = 2*c - c. Calculate b(c).
-5
Let d be (6/4)/((-6)/(-8)). Let r(p) = -4*p. Let b(o) = 2*o. Let f(s) = -7*b(s) - 3*r(s). Calculate f(d).
-4
Let a(j) = j - 1. Suppose -h + 2*w = 3*h + 6, -w = 5*h + 25. Let v be a(h). Let z(r) = r**2 + 3*r. Determine z(v).
10
Let x(t) = -t**2 - t. Let d be ((-12)/(-9))/((-4)/(-6)). Let f be 4/(-12)*(d - 2). Calculate x(f).
0
Let b(v) = 2*v - 2. Let s be (1 - (2 - 1))/1. Suppose s + 1 = i. Let h be 2 - 3 - i*-3. What is b(h)?
2
Let c(w) be the second derivative of -w**5/20 + w**4/3 + 5*w**3/6 + 5*w**2/2 - w. Let q be (18*1)/((-6)/4). Let l = -7 - q. What is c(l)?
5
Let u(d) = -d - 10. Let i be u(-6). Let c(o) = -o**2 + 54*o - 58*o - 269 + 271. What is c(i)?
2
Let n be ((-8)/(-12))/((-1)/27). Let m be (-4)/n - 40/18. Let d(x) = x**2 + 2*x - 2. Calculate d(m).
-2
Let m(o) be the second derivative of -o**6/720 + o**5/24 - o**4/3 - 11*o. Let f(u) be the third derivative of m(u). Determine f(6).
-1
Suppose -4*z - 5*f - 4 - 8 = 0, -5*z - 2*f = -2. Let y(n) = -3*n**2 - 2*n + 1. Calculate y(z).
-15
Suppose 6 = -3*s - 0*s, 5*b - s = 2. Let j(p) = p**3 - p**2 + p - 5. Give j(b).
-5
Let w(a) be the second derivative of a**6/60 + a**3/6 + 2*a**2 - 4*a. Let r(i) be the first derivative of w(i). Determine r(1).
3
Let j be (1 + -4 + 2)*1. Let y(m) = 9*m - 1. Calculate y(j).
-10
Let p be (1/(-2))/(1/(-4)). Let n = 7 - p. Let y(j) = -j + 2. Calculate y(n).
-3
Let r(y) be the second derivative of -10*y + 0*y**2 - 1/2*y**3 + 0. Determine r(3).
-9
Let o(d) = 5*d**2 + 5 - 4*d**2 - 8 - 7*d. Determine o(8).
5
Let b = -3 + 6. Suppose 0 = 3*c - w + 13, -2*c + w - 13 = -b. Let o(f) = -f + 4. Give o(c).
7
Let f(p) be the first derivative of 0*p**3 - 2 + 3*p + 1/4*p**4 - p**2. Give f(2).
7
Let l(c) be the second derivative of -c**4/12 + c**3/6 + 7*c**2/2 - c. Let t be (0 + 0)/((0 - -3)/(-3)). What is l(t)?
7
Let z(g) = 2*g + 4. Let s be (-21)/(-4) - (-2)/(-8). Suppose s*n = c + c - 23, 3*c + 28 = -5*n. Calculate z(n).
-6
Let m(w) = 5*w**2 + 4 + 4*w + w**3 + 2*w - 11*w. Give m(-6).
-2
Let f(b) = -b - 9. Let y(p) = -p - 10. Let g(w) = 6*f(w) - 5*y(w). What is g(0)?
-4
Let s(l) be the first derivative of -l**4/4 - 5*l + 12. Give s(0).
-5
Let a(r) = -3*r. Let g(q) = q**3 - 2*q**2 + q + 1. Suppose 5*u - 6 = 4. Let z be g(u). Suppose z*x = -0*i - i, -x = -2*i + 7. Determine a(x).
3
Let w(i) = -2 + 0*i**2 + i**2 - i**3 